{"id":15,"date":"2023-03-07T09:01:27","date_gmt":"2023-03-07T09:01:27","guid":{"rendered":"https:\/\/ruck-edv.de\/?page_id=15"},"modified":"2023-03-07T12:51:38","modified_gmt":"2023-03-07T12:51:38","slug":"impressum","status":"publish","type":"page","link":"https:\/\/ruck-edv.de\/?page_id=15","title":{"rendered":"Impressum"},"content":{"rendered":"\n<p><strong><em>RUCK EDV GmbH<\/em><\/strong><\/p>\n\n\n\n<p>Mattenweg 11<br>79241 Ihringen<br>Telefon +49 \/ (0)7668 \/ 90100-0<br>Fax +49 \/ (0)7668 \/ 90100-8<br>info[at]ruck-edv[dot]de<\/p>\n\n\n\n<p>Ust ID: DE177198851<br>Registergericht Freiburg HRB 294 Bs<br>Gesch\u00e4ftsf\u00fchrer: Wolf Ruck, Corinna Moll<br><\/p>\n\n\n\n<h2 class=\"wp-block-heading\"><strong>Haftungshinweis<\/strong><\/h2>\n\n\n\n<p>Trotz sorgf\u00e4ltiger inhaltlicher Kontrolle \u00fcbernehmen wir keine Haftung f\u00fcr die Inhalte externer Links. F\u00fcr den Inhalt der verlinkten Seiten sind ausschlie\u00dflich deren Betreiber verantwortlich.<\/p>\n","protected":false},"excerpt":{"rendered":"<p>RUCK EDV GmbH Mattenweg 1179241 IhringenTelefon +49 \/ (0)7668 \/ 90100-0Fax +49 \/ (0)7668 \/ 90100-8info[at]ruck-edv[dot]de Ust ID: DE177198851Registergericht Freiburg HRB 294 BsGesch\u00e4ftsf\u00fchrer: Wolf Ruck, Corinna Moll Haftungshinweis Trotz sorgf\u00e4ltiger inhaltlicher Kontrolle \u00fcbernehmen wir keine Haftung f\u00fcr die Inhalte externer Links. F\u00fcr den Inhalt der verlinkten Seiten sind ausschlie\u00dflich deren Betreiber verantwortlich.<\/p>\n","protected":false},"author":1,"featured_media":0,"parent":0,"menu_order":0,"comment_status":"closed","ping_status":"closed","template":"","meta":{"footnotes":""},"class_list":["post-15","page","type-page","status-publish","hentry"],"_links":{"self":[{"href":"https:\/\/ruck-edv.de\/index.php?rest_route=\/wp\/v2\/pages\/15","targetHints":{"allow":["GET"]}}],"collection":[{"href":"https:\/\/ruck-edv.de\/index.php?rest_route=\/wp\/v2\/pages"}],"about":[{"href":"https:\/\/ruck-edv.de\/index.php?rest_route=\/wp\/v2\/types\/page"}],"author":[{"embeddable":true,"href":"https:\/\/ruck-edv.de\/index.php?rest_route=\/wp\/v2\/users\/1"}],"replies":[{"embeddable":true,"href":"https:\/\/ruck-edv.de\/index.php?rest_route=%2Fwp%2Fv2%2Fcomments&post=15"}],"version-history":[{"count":4,"href":"https:\/\/ruck-edv.de\/index.php?rest_route=\/wp\/v2\/pages\/15\/revisions"}],"predecessor-version":[{"id":53,"href":"https:\/\/ruck-edv.de\/index.php?rest_route=\/wp\/v2\/pages\/15\/revisions\/53"}],"wp:attachment":[{"href":"https:\/\/ruck-edv.de\/index.php?rest_route=%2Fwp%2Fv2%2Fmedia&parent=15"}],"curies":[{"name":"wp","href":"https:\/\/api.w.org\/{rel}","templated":true}]}}